*c + 206 = -2*j, 2*j - 5*c = -221. Let n = j + 92. Let v(u) = -2 - 6 - 6*u + 0 - u**2. Determine v(n).
-8
Let j(b) be the second derivative of -b**4/12 - b**3/6 - 11*b**2/2 + 209*b. Give j(0).
-11
Let j(c) be the first derivative of -7 + 3/2*c**2 + 4*c. Calculate j(-7).
-17
Let s(t) be the second derivative of -t**6/720 - t**5/10 - 7*t**4/6 - t. Let c(x) be the third derivative of s(x). Calculate c(-6).
-6
Let f(x) = -9 - 2*x + x + 0*x. Let k(h) = -5*h**3 + h**2 - 4*h + 2. Let v be k(1). Give f(v).
-3
Let o(q) = 14*q + 3. Let l be (-26)/(-52)*(-4 - 0). What is o(l)?
-25
Suppose -3*g + 60 = 87. Let m(h) = h**3 + 8*h**2 - 10*h - 6. Give m(g).
3
Let v(z) = -3*z + 2. Suppose 2*h = s - 10, -19*s + 23*s = 4*h + 24. What is v(h)?
14
Let m(n) = 3*n + 6. Let g = 339 - 341. What is m(g)?
0
Suppose -2*g + 16 - 4 = 0. Let a(f) = f**2 - 3*f - 18. Let m be a(6). Let n = g - m. Let z(c) = -c**3 + 7*c**2 - 5*c. What is z(n)?
6
Let t(i) = -2*i - 6. Let p be t(-4). Suppose -3*d = d + 2*o - 20, -31 = -5*d - 4*o. Let w(g) = 8*g - 2 + d*g - g**3 - 13*g + 4*g. Determine w(p).
-6
Let b = -6 + 0. Let o(u) = u**3 + 8 - 13*u**2 + 17*u**2 + 2*u**2. Calculate o(b).
8
Let t = 8 - 4. Let o = t + -2. Let d(a) be the first derivative of -2*a**3/3 + a**2/2 + 2*a - 4. Calculate d(o).
-4
Suppose d = -5*g + 4 + 17, 5*g - 22 = -2*d. Let v = 0 - g. Let b(a) = 3 + 3 - 4 + a. Give b(v).
-2
Let p(i) be the third derivative of i**5/30 + i**4/12 - i**3/3 + 44*i**2. What is p(-2)?
2
Let f(h) be the second derivative of h**4/12 + h**3 - h**2/2 + 5*h. Let q(r) be the first derivative of f(r). Give q(-4).
-2
Let x(j) = 1 + 3*j + 11998*j**2 + 4*j - 11995*j**2. Calculate x(-3).
7
Let y(q) = q**3 - q - 7. Let t(d) = -d**3 + d + 7. Let c(m) = 4*t(m) + 3*y(m). Determine c(0).
7
Let w(n) be the first derivative of 16 - 3*n**3 - 2*n + 11/2*n**2 + 1/4*n**4. Determine w(8).
22
Let c be (-2*2/2)/(8/16). Let m(v) = v**3 + v**2 - 10*v. Give m(c).
-8
Let n(o) = 33407 - 33407 - 21*o**2. What is n(1)?
-21
Let u(n) = n**3 - 4*n**2 + n + 2. Let v be u(4). Suppose 3*m - v*m - 3 = 0. Let r(k) = -2*k - 3*k**2 + k**2 + k + 3*k**3. What is r(m)?
-4
Suppose -2*v = -5*r + 4, r - 2 = -16*v + 17*v. Let s(i) = i**3 + 6*i**2 + 3*i. Calculate s(v).
10
Suppose 0*c = c + 2*x + 1, -4 = -3*c + x. Let p(k) = -2*k + 11 + 0 - c + 0. Let j(y) = y. Let i(a) = -3*j(a) - p(a). Calculate i(-7).
-3
Let y be ((-14)/4)/(6/(-12)) - 3. Suppose 4*w - 2*w = -y. Let r(h) = -3*h - 3. Calculate r(w).
3
Let h(i) be the second derivative of 0 + 2*i - 2*i**2 - 1/12*i**4 + 0*i**3. Suppose -35*a + 46*a = 33*a. What is h(a)?
-4
Let d be (-870)/(-27) + 2/(-9). Let x = 27 - d. Let o(m) = m**2 + 8*m + 7. Determine o(x).
-8
Let z(g) = -g**3 - 2*g**2 - 2*g - 2. Suppose -36*o = 104 + 4. Calculate z(o).
13
Let h(g) be the third derivative of -g**6/60 - g**5/60 - g**4/24 - g**3/6 - g**2. Let u = -79 + 117. Suppose u = -4*n + 34. What is h(n)?
1
Let r(k) be the second derivative of k**5/20 - k**4/12 + 2*k**3/3 - 3*k**2/2 + 4*k. Let d = -4 - 26. Let s = d - -32. What is r(s)?
9
Let c(s) = -3*s - 1 - 2*s + 6*s - s**2 + 6*s. Give c(6).
5
Let l be (0 - -4)/(-3 + 2). Let z(h) = 4*h + 4. Let g be z(l). Let k = g + 8. Let o(x) = -x**2 + 4. What is o(k)?
-12
Let g be 3/(22/(-12) - 21/(-14)). Let j(k) = k**2 + 8*k + 11. What is j(g)?
20
Let l = -29 - -23. Let m(h) be the third derivative of h**6/120 + 7*h**5/60 + 3*h**4/8 + h**3 + 81*h**2. What is m(l)?
-12
Let y(h) = h**3 - 3*h**2 + 2. Let t be y(2). Let l(q) = 3*q**2 - 4*q - 3. Let a(v) = 2*v**2 - 2*v - 1. Let n(p) = -a(p) + l(p). Calculate n(t).
6
Suppose -3*h + 0*h - 3 = 0. Let f(d) be the second derivative of d - 3/4*d**4 + 1/2*d**2 + 1/6*d**3 + 0. Calculate f(h).
-9
Suppose 0 = -742*c + 741*c - 1. Let u(i) = -2*i**3 + 2*i**2 + 2*i. What is u(c)?
2
Let k(x) be the second derivative of -x**5/20 + x**4/3 + x**3/2 + x**2/2 + x - 1. Give k(5).
-9
Let q(l) be the third derivative of l**5/60 - l**4/6 - l**2. Suppose 5*s = -5*k + 5, -3*k + 2*k + 4*s + 16 = 0. Let c be q(k). Let n(b) = b + 15. What is n(c)?
15
Suppose 0 = 6*v - 4*v - 10. Let a(q) = v*q + 1 + 0*q - 2*q + 0*q. Give a(-1).
-2
Let y(r) = -2*r. Let n be (9 - 8)/(2/52). Suppose -24*b + 10 = -n*b. Let i be b + 6 - (-2)/2. Determine y(i).
-4
Let c(b) = b**3 + 5*b**2 + 3*b - 4. Let s be c(-3). Let q(m) = 13 + 11 - 25. Let y(i) = -2*i + 6. Let g(w) = 2*q(w) + y(w). Give g(s).
-6
Let g(h) = 4*h**2 - 2*h - 1. Let i(z) = 10*z + 99. Let o be i(-10). Determine g(o).
5
Let i(f) = 5*f**3 - 2*f**2 - 3*f - 2. Suppose 2*q = -3*g + 7*g + 4, 2*g + 5*q + 2 = 0. Calculate i(g).
-6
Let w(i) = 6*i**2 - 5*i - 7. Let n(a) = -5*a**2 + 5*a + 7. Let t(y) = -7*n(y) - 6*w(y). What is t(-7)?
-21
Let b(j) = -11*j**3 + 2*j + 1. Suppose -t = a - 4*a + 1, 5*t + a = 11. Suppose o + 2 = t*o. Suppose -4*f + q - 8 = 3*q, f + o*q = -5. Give b(f).
10
Let g(m) = m**3 + 2*m**2 - 2*m - 1. Let y = 3 - 7. Suppose 4*k = 20, 0 = 3*v + v + k - 1. Let o = y - v. What is g(o)?
-4
Let f(c) = 2*c**2 + 13*c + 2. Let s(p) = -6*p - 57. Let l be s(-8). Calculate f(l).
47
Let l = -22 + 31. Suppose 0 = -t - 5*g - 26, -4*t - 4*g - 15 = l. Let y(x) = 76*x**2 + 75*x**2 - 150*x**2 - x**3. Determine y(t).
2
Let d(y) be the first derivative of y**3/3 + 13*y**2/2 + 19*y + 384. Determine d(-10).
-11
Let b(o) = 5*o**3 - o**2 + 1. Suppose 0 = -5*h - 12 + 27. Let f be ((-8)/(-10))/(4/40). Let n be (-2 - (h - f))/3. Give b(n).
5
Let y(x) = x**3 - 6*x**2 + 3*x - 9. Let d = 27 - 25. Suppose -d*m + 12 = -0*m. What is y(m)?
9
Suppose 8*t + 23 = -z + 3*t, -3*t - 15 = 0. Let m(y) = 0*y**3 - 4*y**2 - 7*y - 3*y**z - 5 - y**3 + 4. Suppose -4*p + 0*p - 24 = 0. Give m(p).
5
Let m(g) be the first derivative of g**4/12 - 2*g**3/3 + g**2 - 2*g - 5. Let v(c) be the first derivative of m(c). Let a = -74 + 77. Determine v(a).
-1
Let a be (3 - (-11)/(-2))*8. Let m be ((-30)/a)/((-6)/(-8)). Let u(g) = 2*g**3 + 2 - g**3 - g + 0*g**3 + 0*g**3 - m*g**2. Calculate u(3).
8
Let c be (-2)/(12/(-5) - -2). Let s(l) be the first derivative of -1/3*l**3 + 3*l**2 + l - 16. Calculate s(c).
6
Let g(j) be the second derivative of j**3/6 - j**2/2 - 7*j - 4. Determine g(9).
8
Let j be (-14)/(-21) - (-1)/3. Let r(b) = 3*b + 0 - j - b. Determine r(-4).
-9
Let x(w) = -w**2 - 9*w + 87. Let u be x(6). Let o(j) = 3*j**2 - 5*j - 3. Give o(u).
39
Suppose 0 = -5*k - 38 + 3. Let i(f) = 430*f**2 - 213*f**2 - 211*f**2 - 1 - 2 + f**3 - 9*f. Determine i(k).
11
Let i = 0 + 6. Suppose -2*j - 2 = -i. Let h(o) = -o**3 + 5*o**2 + 2*o - 5. Let f(l) = -3*l**3 + 10*l**2 + 5*l - 10. Let x(w) = j*f(w) - 5*h(w). Calculate x(-5).
5
Let o(z) = z**3 - 4*z**2 - 6*z - 3. Let c be 100/17 - ((-160)/(-136))/(-10). What is o(c)?
33
Suppose -y - 462 = 5*y. Let q = y + 80. Let i(s) = s**2 - s + 1. Calculate i(q).
7
Suppose 24 = 2*k + 22. Let q(p) = 40*p + p**2 - 7 - 41*p + k. Calculate q(0).
-6
Let d(s) = -s**3 - s**2 - s + 1. Let r(b) = -6*b**3 - 5*b + 4. Let v(i) = -5*d(i) + r(i). Let q be 6/((-5)/(-15) + 21/18). What is v(q)?
15
Let h(p) be the third derivative of -1/60*p**5 - 26*p**2 + 0 - 5/24*p**4 + 0*p - 2/3*p**3. Determine h(-3).
2
Let j(u) = -u**3 - 14*u**2 + u + 16. Let h be j(-14). Let p(q) = -2*q + q**2 + h*q - 3*q**2 - 2*q. What is p(-2)?
-4
Let j(z) = 31*z**2 + 4*z - 7. Let x(c) = 15*c**2 + 2*c - 4. Let g(b) = -3*j(b) + 5*x(b). Determine g(1).
-19
Let p(h) = h**3 + 7*h**2 + h + 6. Let n be p(-7). Let k(j) = j**2 - 4*j - 2. Let x(z) = -1. Let q(c) = n*k(c) + 4*x(c). Determine q(3).
1
Suppose -5*f = -0 - 10. Let w(x) = x**2 - 2*x + 3. Let n be w(f). Let g be -5*((-9)/n)/(-3). Let j(s) = s**2 + 5*s - 2. Give j(g).
-2
Let a(f) = 3*f - 4. Let h(y) = -2*y + 3. Let t(m) = -4*a(m) - 5*h(m). Let d be t(7). Let i = d - -9. Let c(n) = n - 5. Calculate c(i).
-9
Let u(f) = -f**2 - 16. Let z be (5 + -2)/((-3)/(-4)). Suppose -4*c + 8 = -2*y, 0 = -4*c + 3*y - 2*y + z. What is u(c)?
-16
Let m(t) = 2*t**2 + 2. Let o(r) = 11*r**2 - 7*r + 13. Let k(a) = 6*m(a) - o(a). Determine k(-7).
-1
Let a = 64 - 60. Let o(q) = -99*q**3 + 8*q**2 - a*q**2 + 98*q**3 + 5*q - 3. Calculate o(5).
-3
Let g be -3*(-3)/(-4) - 10/(-40). Let f(o) = 5*o**2 + o + 1. Calculate f(g).
19
Let b(z) be the second derivative of 4*z**3/3 + z**2/2 + 1788*z. Let q(a) = 3. Let l(p) = p + 13. Let h(w) = 2*l(w) - 9*q(w). Let i be h